of 2625040202?
0
What is the billions digit of 7656946999?
7
What is the hundreds digit of 146619953?
9
What is the hundred thousands digit of 30435880?
4
What is the units digit of 63530107?
7
What is the ten millions digit of 153249520?
5
What is the tens digit of 95105850?
5
What is the units digit of 783497051?
1
What is the ten thousands digit of 1583780699?
8
What is the ten millions digit of 16416727?
1
What is the hundreds digit of 407979646?
6
What is the hundred thousands digit of 514999413?
9
What is the units digit of 165368426?
6
What is the ten thousands digit of 332741889?
4
What is the ten millions digit of 440080175?
4
What is the millions digit of 586669568?
6
What is the ten thousands digit of 8907609?
0
What is the billions digit of 2302016713?
2
What is the millions digit of 39272484?
9
What is the tens digit of 36897478?
7
What is the ten millions digit of 6113450254?
1
What is the hundreds digit of 2307223175?
1
What is the millions digit of 2747861722?
7
What is the hundreds digit of 5590917767?
7
What is the tens digit of 64992714?
1
What is the tens digit of 3404928214?
1
What is the hundreds digit of 58449212?
2
What is the hundred thousands digit of 180379326?
3
What is the ten millions digit of 23691824?
2
What is the hundred millions digit of 4356622668?
3
What is the tens digit of 357009142?
4
What is the ten thousands digit of 1307758470?
5
What is the units digit of 52668352?
2
What is the hundreds digit of 174680099?
0
What is the billions digit of 3850304228?
3
What is the hundred thousands digit of 2379179111?
1
What is the units digit of 583017389?
9
What is the tens digit of 1901379736?
3
What is the millions digit of 734754858?
4
What is the thousands digit of 3899631894?
1
What is the hundreds digit of 104220595?
5
What is the units digit of 78083191?
1
What is the units digit of 65076569?
9
What is the millions digit of 3216053781?
6
What is the tens digit of 3944602533?
3
What is the thousands digit of 571788?
1
What is the tens digit of 59439140?
4
What is the tens digit of 26158399?
9
What is the tens digit of 60182684?
8
What is the units digit of 57427207?
7
What is the units digit of 1695376835?
5
What is the units digit of 39771165?
5
What is the hundred thousands digit of 17730731?
7
What is the thousands digit of 369452084?
2
What is the ten millions digit of 34188396?
3
What is the ten thousands digit of 299507179?
0
What is the ten thousands digit of 120852578?
5
What is the ten thousands digit of 3241979288?
7
What is the units digit of 13096796?
6
What is the millions digit of 18838856?
8
What is the hundred thousands digit of 494774926?
7
What is the hundred thousands digit of 1852039997?
0
What is the units digit of 379270320?
0
What is the hundred thousands digit of 1981073007?
0
What is the tens digit of 1016997342?
4
What is the ten millions digit of 106801505?
0
What is the units digit of 55018083?
3
What is the billions digit of 1186546006?
1
What is the tens digit of 1137436368?
6
What is the hundreds digit of 663719506?
5
What is the hundred thousands digit of 1397063?
3
What is the tens digit of 3293911?
1
What is the thousands digit of 1618609700?
9
What is the tens digit of 4190833111?
1
What is the millions digit of 1315878744?
5
What is the hundred millions digit of 289149845?
2
What is the hundred thousands digit of 3524332535?
3
What is the units digit of 1337646586?
6
What is the hundred millions digit of 2259255186?
2
What is the hundreds digit of 117768762?
7
What is the millions digit of 80886436?
0
What is the ten thousands digit of 55689387?
8
What is the units digit of 28725604?
4
What is the thousands digit of 923048237?
8
What is the millions digit of 2129762607?
9
What is the millions digit of 539494998?
9
What is the ten thousands digit of 746440939?
4
What is the thousands digit of 91209746?
9
What is the units digit of 74255330?
0
What is the ten millions digit of 683888459?
8
What is the millions digit of 12581556?
2
What is the thousands digit of 164183729?
3
What is the thousands digit of 184943279?
3
What is the thousands digit of 664077050?
7
What is the hundred thousands digit of 81455425?
4
What is the units digit of 138157626?
6
What is the units digit of 267778996?
6
What is the thousands digit of 7785337479?
7
What is the ten millions digit of 655637798?
5
What is the thousands digit of 321103608?
3
What is the hundred thousands digit of 3986740194?
7
What is the hundreds digit of 123991107?
1
What is the tens digit of 111331902?
0
What is the hundred thousands digit of 2064841519?
8
What is the hundreds digit of 90375346?
3
What is the tens digit of 41686697?
9
What is the hundred thousands digit of 112322824?
3
What is the ten millions digit of 6236025187?
3
What is the thousands digit of 355401723?
1
What is the hundreds digit of 88507815?
8
What is the tens digit of 84179994?
9
What is the ten millions digit of 364617994?
6
What is the ten thousands digit of 66742397?
4
What is the units digit of 36428255?
5
What is the ten millions digit of 4922964688?
2
What is the thousands digit of 156334296?
4
What is the ten thousands digit of 97867388?
6
What is the hundreds digit of 656420649?
6
What is the millions digit of 78395793?
8
What is the ten millions digit of 1201041259?
0
What is the hundred thousands digit of 78300481?
3
What is the units digit of 88428075?
5
What is the ten thousands digit of 1894040853?
4
What is the millions digit of 47940485?
7
What is the hundred millions digit of 3018382674?
0
What is the tens digit of 1667790589?
8
What is the ten thousands digit of 670785232?
8
What is the millions digit of 75454346?
5
What is the hundred millions digit of 157704276?
1
What is the millions digit of 1052489006?
2
What is the hundred millions digit of 196864792?
1
What is the tens digit of 351882245?
4
What is the hundred thousands digit of 715836536?
8
What is the hundred thousands digit of 143213034?
2
What is the hundreds digit of 646415493?
4
What is the ten thousands digit of 76193106?
9
What is the hundred thousands digit of 164370391?
3
What is the ten thousands digit of 313049513?
4
What is the thousands digit of 652525147?
5
What is the thousands digit of 8821351?
1
What is the millions digit of 31208763?
1
What is the hundred millions digit of 114337063?
1
What is the ten thousands digit of 478165151?
6
What is the tens digit of 546712531?
3
What is the units digit of 2288478861?
1
What is the ten millions digit of 8431146741?
3
What is the thousands digit of 3816125734?
5
What is the hundred thousands digit of 63927809?
9
What is the hundreds digit of 22315240?
2
What is the hundred millions digit of 1538695240?
5
What is the thousands digit of 823639764?
9
What is the tens digit of 4888409314?
1
What is the thousands digit of 372530534?
0
What is the units digit of 683835217?
7
What is the thousands digit of 318005092?
5
What is the hundred thousands digit of 3229016243?
0
What is the hundred thousands digit of 9898926?
8
What is the tens digit of 3703285177?
7
What is the thousands digit of 31800285?
0
What is the hundreds digit of 130513884?
8
What is the hundreds digit of 1436155830?
8
What is the units digit of 2318020283?
3
What is the hundreds digit of 1522496039?
0
What is the hundreds digit of 28048929?
9
What is the millions digit of 3495934?
3
What is the tens digit of 61098078?
7
What is the hundred millions digit of 271752512?
2
What is the ten thousands digit of 693469491?
6
What is the ten thousands digit of 2079375021?
7
What is the ten thousands digit of 2079689801?
8
What is the hundred thousands digit of 5169947328?
9
What is the tens digit of 102832043?
4
What is the tens digit of 460550717?
1
What is the ten thousands digit of 37362973?
6
What is the hundred thousands digit of 4923904909?
9
What is the thousands digit of 280433103?
3
What is the hundred thousands digit of 213013885?
0
What is the ten millions digit of 98010659?
9
What is the hundred millions digit of 999746501?
9
What is the millions digit of 908261480?
8
What is the hundred thousands digit of 5073686465?
6
What is the hundreds digit of 300488529?
5
What is the units digit of 553833579?
9
What is the hundred thousands digit of 22203203